 - 2*k + 400 = 0. Let j = -54 + k. Does 7 divide j?
False
Let l(g) = 11*g**3 - 2*g**2 + 1. Let j = -3 - -4. Does 5 divide l(j)?
True
Let h(t) = 2*t**2 + 1. Let k be h(1). Suppose 2*z = -k - 1. Does 3 divide 2 + (3 - (4 + z))?
True
Suppose -z - 5*v = -83, -5*z - 5*v = -v - 394. Does 8 divide (-3)/(-9) - z/(-9)?
False
Suppose -2*p = 3*y - 9, 4*p + 2*y - 3 + 5 = 0. Let o be (1/(-2))/(p/36). Let l = 0 + o. Is l a multiple of 6?
True
Let f(g) = -84*g**2 - g. Let w be f(1). Is 17 a factor of (1 + -7)*w/10?
True
Suppose -l - 156 = -4*h, 0 = 2*h - 4*l - 29 - 35. Suppose -5*q = 3*m + 3, 2*q + 24 = 3*m - 2*q. Suppose m*f = 56 + h. Is 11 a factor of f?
False
Suppose -2*q - 2 = -3*h + 4, -5*q - 15 = 4*h. Let c(o) = -o. Let j be c(q). Suppose -v - 1 = -j, s - 10 = 5*v. Is s a multiple of 10?
True
Is 1/(4 - -1) + 2178/10 a multiple of 18?
False
Let o(p) = -p**2 - 14*p + 4. Let q(s) = 6*s + 2. Let c be q(-2). Is 17 a factor of o(c)?
False
Let y = 131 - 47. Is 12 a factor of y?
True
Let d = -13 + 17. Let g be 2646/10 - 6/(-15). Suppose s - g = -d*s. Does 16 divide s?
False
Suppose -3*k - 4*q - 78 = 0, -k + 5*q + 3 = 48. Let z = k + 44. Suppose -5*g + t + 114 = 0, 2*t + z = g - 7. Does 12 divide g?
False
Let r be 9 - 8 - (1 - 1). Let a(f) = 3*f + 1 - 1 + 7*f + r. Is a(1) a multiple of 6?
False
Let m = -54 + 55. Let n(x) = x - 6. Let r be n(3). Is (-4)/(-4) - r/m a multiple of 3?
False
Let d(o) = 2*o**2 - 2*o + 2. Suppose -2*r + 4 = 3*h, -r - r - 12 = -5*h. Does 3 divide d(h)?
True
Suppose 5*t = -4*h - 10, 3*t + 4 + 2 = 5*h. Suppose 3*u - 4 - 11 = h. Suppose -4*s = -79 - u. Is s a multiple of 7?
True
Let w(i) = -i**2 - 29*i + 16. Let d be w(-17). Suppose -f - 4*f + d = 0. Does 12 divide f?
False
Let p(g) = 36*g**2. Suppose -2*u = u + 3. Does 21 divide p(u)?
False
Suppose -3*o = -208 - 1070. Suppose 5*t + 4*q - o = 0, 4*t + 30 = 4*q + 342. Suppose 163 = 5*s - 2*h - 2*h, -2*s + t = 4*h. Does 18 divide s?
False
Let i = -65 + 100. Is i a multiple of 18?
False
Suppose 2*o = 5*o. Suppose o*q + q = t + 25, 3*t - 29 = -q. Is 13 a factor of q?
True
Let y be 22/(-6) - (-4)/6. Let s(w) = -w**2 + 5*w - 1. Let i be s(4). Let f = i - y. Is f a multiple of 2?
True
Let i(v) = -v - 181. Let y be i(0). Let w = -110 - y. Is 19 a factor of w?
False
Suppose -3*f + 3*o = -177, 162 = -5*f - 5*o + 477. Let p = f + -25. Is p a multiple of 18?
True
Let p = -12 - -12. Suppose -5*a - 5*y = -70, p = -4*a + 2*y + 3*y + 65. Is a a multiple of 7?
False
Suppose 11*u - 2 = 2209. Is 18 a factor of u?
False
Let s = 16 - 11. Suppose -3*c + 7*d - 3*d + 52 = 0, -4*c + s*d = -68. Is c a multiple of 12?
True
Let h = -208 - -378. Does 34 divide h?
True
Let g = -25 + 80. Does 21 divide g?
False
Let w = 1 + -2. Let z = w - -7. Suppose z*b - 51 = 3*b. Does 7 divide b?
False
Let f(l) = -57*l + 4. Let k be f(-4). Suppose 4*j + 34 = 2*h, k - 87 = 5*h + 5*j. Is (h - 1)*(0 - -1) a multiple of 12?
True
Let y be (-4)/10 - (-52)/5. Suppose -4*x - x - y = 0. Does 9 divide (-15)/x + 9/6?
True
Let t(r) = -r**2 + 12*r + 7. Does 13 divide t(8)?
True
Let s(m) = -4 - 2 - 13*m - 2. Let t be s(-6). Let h = t - 48. Is h a multiple of 11?
True
Let c(g) = g - 5. Let s be c(7). Suppose s*o - 18 = -68. Let u = 40 + o. Is u a multiple of 15?
True
Suppose 409 - 66 = 5*d - j, 4*j = -12. Does 17 divide d?
True
Let k = -18 + 22. Suppose -k*a + 5*a = 40. Is a a multiple of 8?
True
Suppose -12*k + 7*k = -450. Does 15 divide k?
True
Suppose -129 = -3*w + 2*l - 3, -3*w + 138 = 2*l. Is w a multiple of 11?
True
Suppose -q - 9 = -4*d - 0*q, -4*d - 6 = 2*q. Let x(k) = 3*k**3 - k**2. Let m be x(d). Suppose 5*o + 15 = w - m, 5*o - 47 = -w. Does 12 divide w?
False
Is (-25)/(24/9 + -3) a multiple of 25?
True
Let f = 21 - 16. Suppose x + 42 = 2*x - 4*m, -f*m = -5*x + 135. Is 11 a factor of x?
True
Let z(i) = 4*i - 6*i + 0*i + 5. Is 8 a factor of z(-6)?
False
Let c = 5 - 8. Let h(y) = -y**3 - y**2 + y - 1. Let k(v) = 5*v**3 + 4*v**2 - v + 10. Let p(w) = -6*h(w) - k(w). Is p(c) a multiple of 2?
True
Suppose 4*y = 4*q + q + 12, 4*q = -5*y + 15. Suppose -60 = -4*m - 2*m. Suppose 4*h = -2*f + m, h + 15 + 0 = y*f. Does 4 divide f?
False
Let l be (8/(-3))/((-1)/3). Suppose 2*w + 8 = 2*g, -2*w = -6*w - l. Suppose -2*x + 31 = -0*x - 5*y, -g*y - 10 = 0. Is x even?
False
Let m(n) = n**3 - 7*n**2 + 11*n - 10. Let k(c) = c**3 - 7*c**2 + 12*c - 10. Let l(h) = 3*k(h) - 4*m(h). Does 13 divide l(4)?
True
Let s be (-1)/5 - 42/15. Does 3 divide 0 + 3 - (-3 - s)?
True
Let y = -11 + 17. Suppose 3*f - 27 + y = 0. Does 7 divide f?
True
Suppose 3*t = 3*b - 756, b - 252 = -4*t + 8*t. Is b a multiple of 37?
False
Let u(c) = -5*c + 5*c + 6*c**2 - 5*c**2 - c. Is 15 a factor of u(6)?
True
Suppose -2*j = 4*y - 5 - 41, 0 = -y - 3*j + 24. Let d be (-39)/y + (-1)/(-3). Is d + 6 + (7 - 1) a multiple of 8?
True
Let m(b) = -b**3 + 8*b**2 + 7*b + 11. Suppose -4*f - 2*s + 44 = 0, -5*s = -2*f - s + 2. Let j be m(f). Let o = j + 35. Is o a multiple of 14?
True
Let v(q) = 7*q**2 + 13*q - 12. Is v(-7) a multiple of 6?
True
Let a(c) be the third derivative of c**6/20 - c**4/24 - 4*c**2. Does 2 divide a(1)?
False
Let s(i) = i**3 + 8*i**2 + 4*i + 5. Let p = 10 - 14. Let o be ((-4)/6)/(p/(-30)). Does 16 divide s(o)?
False
Suppose 2*a = -a + 102. Suppose -w + 18 = w - 2*b, -5*b + 46 = 2*w. Let l = a - w. Is l a multiple of 8?
False
Suppose 2*n = 1 - 3. Let m = n - -4. Suppose m*d = -3*x + 30, 4*d = -2*x + 3*d + 23. Is 12 a factor of x?
False
Suppose -5*b - 3*w + 88 = 0, 5*b = b - 5*w + 60. Suppose 0 = -2*t + 5*t - 9. Suppose -b = -t*x - x. Is 2 a factor of x?
False
Let t = 14 + -9. Does 11 divide 192/t + (-6)/15?
False
Let l be 4/2*(1 - 0). Suppose c = -5*k - 2, 0 = c + 4*k + 1. Is 8 a factor of 1 + (32 - l) - c?
False
Let z = 48 - 8. Is 10 a factor of z?
True
Let c = 7 + -11. Let w = c + 6. Suppose w*q - 24 = 2. Does 13 divide q?
True
Suppose -4*t + 2*t = -30. Let q be 125/t*2*-3. Let u = 81 + q. Is u a multiple of 17?
False
Let m be (-2)/7 - (-156)/(-42). Let h = 21 + m. Is 13 a factor of h?
False
Let o(w) = -6*w + 7. Let h be o(-7). Let f = h + -35. Does 12 divide f?
False
Suppose -60 + 294 = 3*q. Is q a multiple of 14?
False
Let f(k) = 15*k. Let a be f(1). Does 9 divide 1 + 4/2 + a?
True
Suppose 3*r + t - 76 = -0*t, 80 = 3*r + 5*t. Is 5 a factor of r?
True
Suppose 2*x - 4*h - 6 = 0, 3*x - 3*h = -x - 8. Let y(p) = -2*p - 4. Is y(x) a multiple of 4?
False
Suppose 2*b = 3*b + 4. Does 15 divide 1/(-3*b/180)?
True
Suppose -2*k + 160 = -2*l, 5*l - l + 240 = 3*k. Does 23 divide k?
False
Suppose -8 = -2*k - 0*k. Suppose -s + 100 = k*s. Does 10 divide s?
True
Let x = 161 - 230. Let c = -6 - x. Suppose s - 4*u - 9 - 11 = 0, 4*s - c = -u. Does 8 divide s?
True
Suppose t - 56 = -s + 4*s, -5*s - 230 = -5*t. Is t a multiple of 12?
False
Let u = 15 - 11. Suppose -4*f - f + 5 = 4*y, 2*y = 4*f - u. Let k = 2 + f. Is 3 a factor of k?
True
Let d be 4 + -4 + 9/3. Let q be 2/(-3) + (-17)/(-3). Suppose 8*x - d*x + 4*v = 63, x - 21 = -q*v. Is x a multiple of 7?
False
Suppose 0 = 3*s - 2*s - 1, -5*s + 17 = 4*v. Suppose -6*l = -2*l + 2*p - 418, v*p = l - 94. Suppose -3*c - 4*m = -l, -2*c + 4*m + 77 = -5. Is 14 a factor of c?
False
Let b = -70 + 123. Is b a multiple of 14?
False
Let r = -7 + 237. Is r a multiple of 10?
True
Let g(d) = 8*d + 7. Is g(6) a multiple of 22?
False
Let o(v) = 2*v - 3. Does 9 divide o(6)?
True
Suppose -5*v = -3*v - 12. Suppose 10 = -v*j + j. Is 220/18 - j/(-9) a multiple of 6?
True
Let b(g) be the third derivative of -5*g**4/8 - g**3/2 + 3*g**2. Does 21 divide b(-3)?
True
Is 15 - 5 - 8/2 a multiple of 3?
True
Suppose -9 = 5*l - v + 206, 5*v - 19 = l. Let o = 65 + l. Does 17 divide o?
False
Suppose 0 = -3*g + 5*w + 132, 147 = 3*g + g + 3*w. Is 14 a factor of g?
False
Is (-21)/(-84) + 1246/8 a multiple of 26?
True
Let r = -20 - -11. Let w = r - -45. Is w a multiple of 9?
True
Is 2/10*-2*-60 a multiple of 6?
True
Suppose 2*r = -y - 17, -4*y = -3*r + 2 - 0. Let p = 29 - r. Is 20 a factor of p?
False
Let y(h) be the third derivative of h**6/120 - 7*h**5/60 + 7*h**4/24 - 2*h**3/3 + h**2. Let g be (24 - 6)*2/6. Does 2 divide y(g)?
True
Let a(q) = -q**2 - 7*q - 4. Let h be a(-6). Let j be ((-169)/2*h)/(-1). Suppose 6*v - 4*v = -5*d + j, -122 = -4*d + 5*v. Is d a multiple of 11?
True
Let t(